{"id":93,"date":"2021-10-18T08:47:25","date_gmt":"2021-10-18T06:47:25","guid":{"rendered":"http:\/\/juliettechiron-psychologue.fr\/index.php\/program-anxiety\/"},"modified":"2024-03-23T18:17:15","modified_gmt":"2024-03-23T17:17:15","slug":"approche-psychologique","status":"publish","type":"page","link":"https:\/\/juliettechiron-psychologue.fr\/index.php\/approche-psychologique\/","title":{"rendered":"Mon approche"},"content":{"rendered":"\t\t<div data-elementor-type=\"wp-page\" data-elementor-id=\"93\" class=\"elementor elementor-93\">\n\t\t\t\t\t\t<section class=\"elementor-section elementor-top-section elementor-element elementor-element-de766ca elementor-section-height-min-height elementor-section-boxed elementor-section-height-default elementor-section-items-middle\" data-id=\"de766ca\" data-element_type=\"section\" data-settings=\"{&quot;background_background&quot;:&quot;classic&quot;}\">\n\t\t\t\t\t\t<div class=\"elementor-container elementor-column-gap-no\">\n\t\t\t\t\t<div class=\"aux-parallax-section elementor-column elementor-col-100 elementor-top-column elementor-element elementor-element-3a40845\" data-id=\"3a40845\" data-element_type=\"column\">\n\t\t\t<div class=\"elementor-widget-wrap elementor-element-populated\">\n\t\t\t\t\t\t<div class=\"elementor-element elementor-element-da96e47 aux-appear-watch-animation aux-slide-from-top elementor-widget elementor-widget-aux_modern_heading\" data-id=\"da96e47\" data-element_type=\"widget\" data-widget_type=\"aux_modern_heading.default\">\n\t\t\t\t<div class=\"elementor-widget-container\">\n\t\t\t<section class=\"aux-widget-modern-heading\">\n            <div class=\"aux-widget-inner\"><h3 class=\"aux-modern-heading-primary\">Mon approche<\/h3><\/div>\n        <\/section>\t\t<\/div>\n\t\t\t\t<\/div>\n\t\t\t\t\t<\/div>\n\t\t<\/div>\n\t\t\t\t\t<\/div>\n\t\t<\/section>\n\t\t\t\t<section class=\"elementor-section elementor-top-section elementor-element elementor-element-2a1c423 elementor-section-boxed elementor-section-height-default elementor-section-height-default\" data-id=\"2a1c423\" data-element_type=\"section\">\n\t\t\t\t\t\t<div class=\"elementor-container elementor-column-gap-no\">\n\t\t\t\t\t<div class=\"aux-parallax-section elementor-column elementor-col-100 elementor-top-column elementor-element elementor-element-604fcbe\" data-id=\"604fcbe\" data-element_type=\"column\">\n\t\t\t<div class=\"elementor-widget-wrap elementor-element-populated\">\n\t\t\t\t\t\t<div class=\"elementor-element elementor-element-cda6542 aux-appear-watch-animation aux-fade-in-up elementor-widget elementor-widget-aux_modern_heading\" data-id=\"cda6542\" data-element_type=\"widget\" data-widget_type=\"aux_modern_heading.default\">\n\t\t\t\t<div class=\"elementor-widget-container\">\n\t\t\t<section class=\"aux-widget-modern-heading\">\n            <div class=\"aux-widget-inner\"><h5 class=\"aux-modern-heading-primary\"><\/h5><h3 class=\"aux-modern-heading-secondary\"><span class=\"aux-head-before\">Psychoth\u00e9rapie<\/span><\/h3><div class=\"aux-modern-heading-description\"><p>Une psychoth\u00e9rapie est avant tout une <strong>rencontre<\/strong>, il est primordial de tisser un lien de confiance.<br \/><strong>Une consultation avec un psychologue est un moment d\u2019\u00e9change autour de vos ressentis, \u00e9motions, doute.<\/strong><br \/><strong>Je travaille en fonction de vos besoins, de votre rythme.<\/strong> C\u2019est un travail r\u00e9alis\u00e9 ensemble dans le but de vous<br \/>sentir libre. Ma formation, mon exp\u00e9rience et mon approche int\u00e9grative me permet de vous proposer des<br \/>th\u00e9rapies adapt\u00e9es \u00e0 votre demande et aux difficult\u00e9s que vous rencontrez.<br \/>Je vous propose \u00e9galement des techniques de <strong>relaxation<\/strong> \u00e0 vis\u00e9 th\u00e9rapeutique dans le but d\u2019apprendre \u00e0 g\u00e9rer<br \/>les situations stressante, angoissante, les troubles du sommeil ou les \u00e9tats d\u00e9pressifs.\u00a0<br \/>La rencontre entre un psychologue et son patient s\u2019inscrit dans une relation de <strong>confiance<\/strong> c\u2019est-\u00e0-dire<br \/>l\u2019acceptation de l\u2019autre avec bienveillance et non jugement. Je vous propose une \u00e9coute active afin<br \/>d\u2019\u00e9changer, de comprendre, de changer dans le but d\u2019apporter s\u00e9r\u00e9nit\u00e9, apaisement et <strong>bien-\u00eatre dans votre<\/strong><br \/><strong>vie.<\/strong><br \/>Nous vivons chacun les choses avec notre propre vision du monde, un regard neutre, objectif aide \u00e0 voir les<br \/>\u00e9v\u00e9nements dans leurs globalit\u00e9s et g\u00e9r\u00e9s autour les \u00e9motions, pens\u00e9es.<br \/>Les probl\u00e9matiques\u00a0:<br \/>Je peux vous accompagner sur de nombreuses probl\u00e9matiques\u00a0:<br \/>Difficult\u00e9s personnelles dans la sph\u00e8re priv\u00e9e, professionnelles.<br \/>Sur les probl\u00e9matiques de confiance et estime de soi. La relation \u00e0 l\u2019autre (couple, amicale, familiales)<br \/>Les p\u00e9riodes difficiles tel que <strong>le deuil, les ruptures, la maladie.<\/strong><br \/>Ainsi que sur <strong>les troubles du sommeil, du comportement alimentaires, addiction, \u00e9pisodes d\u00e9pressifs,<\/strong><br \/><strong>douleurs chroniques, traumatismes.<\/strong><br \/>Ou sur vos questions existentielles.<\/p><\/div><\/div>\n        <\/section>\t\t<\/div>\n\t\t\t\t<\/div>\n\t\t\t\t<section class=\"elementor-section elementor-inner-section elementor-element elementor-element-bc96d6e aux-appear-watch-animation aux-scale-down elementor-section-boxed elementor-section-height-default elementor-section-height-default\" data-id=\"bc96d6e\" data-element_type=\"section\" data-settings=\"{&quot;background_background&quot;:&quot;classic&quot;}\">\n\t\t\t\t\t\t<div class=\"elementor-container elementor-column-gap-no\">\n\t\t\t\t\t<div class=\"aux-parallax-section elementor-column elementor-col-100 elementor-inner-column elementor-element elementor-element-3e59848\" data-id=\"3e59848\" data-element_type=\"column\">\n\t\t\t<div class=\"elementor-widget-wrap elementor-element-populated\">\n\t\t\t\t\t\t<div class=\"elementor-element elementor-element-03823ce elementor-widget__width-auto elementor-widget elementor-widget-aux_simple_svg\" data-id=\"03823ce\" data-element_type=\"widget\" data-widget_type=\"aux_simple_svg.default\">\n\t\t\t\t<div class=\"elementor-widget-container\">\n\t\t\t    <div class=\"aux-widget-container aux-simple-svg-container\">\n        <div class=\"aux-widget-container-inner\">\n            <div class=\"aux-the-svg\"><svg xmlns=\"http:\/\/www.w3.org\/2000\/svg\" width=\"52\" height=\"52\" viewBox=\"0 0 52 52\"><circle cx=\"26\" cy=\"26\" r=\"26\" fill=\"#ffffff00\" \/><path d=\"M575.646,661.415l-1.853-1.853a2.728,2.728,0,0,0-3.857,0l-1,1a3.409,3.409,0,0,1-4.821,0l-3.971-3.971a3.409,3.409,0,0,1,0-4.821l1-1a2.727,2.727,0,0,0,0-3.857l-1.853-1.852a2.726,2.726,0,0,0-3.857,0h0a10.213,10.213,0,0,0,0,14.443l5.766,5.767a10.214,10.214,0,0,0,14.443,0h0A2.728,2.728,0,0,0,575.646,661.415Z\" transform=\"translate(-538.445 -630.264)\" fill=\"none\" stroke=\"var(--e-global-color-accent)\" stroke-width=\"2\" \/><\/svg><\/div>\n        <\/div>\n    <\/div>\n    \t\t<\/div>\n\t\t\t\t<\/div>\n\t\t\t\t<div class=\"elementor-element elementor-element-d51a790 elementor-widget__width-auto elementor-widget elementor-widget-aux_modern_heading\" data-id=\"d51a790\" data-element_type=\"widget\" data-widget_type=\"aux_modern_heading.default\">\n\t\t\t\t<div class=\"elementor-widget-container\">\n\t\t\t<section class=\"aux-widget-modern-heading\">\n            <div class=\"aux-widget-inner\"><h5 class=\"aux-modern-heading-primary\"><\/h5><a href=\"https:\/\/perfactive.fr\/chiron-juliette\/location\" class=\"aux-modern-heading-secondary-link\"><h3 class=\"aux-modern-heading-secondary\"><span class=\"aux-head-before\">Appelez le <\/span><span class=\"aux-head-highlight\">07 49 35 44 56<\/span><span class=\"aux-head-after\">ou prenez votre rendez-vous <u>ici<\/u><\/span><\/h3><\/a><\/div>\n        <\/section>\t\t<\/div>\n\t\t\t\t<\/div>\n\t\t\t\t\t<\/div>\n\t\t<\/div>\n\t\t\t\t\t<\/div>\n\t\t<\/section>\n\t\t\t\t\t<\/div>\n\t\t<\/div>\n\t\t\t\t\t<\/div>\n\t\t<\/section>\n\t\t\t\t<\/div>\n\t\t","protected":false},"excerpt":{"rendered":"<p>Mon approche Psychoth\u00e9rapie Une psychoth\u00e9rapie est avant tout une rencontre, il est primordial de tisser un lien de confiance.Une consultation avec un psychologue est un moment d\u2019\u00e9change autour de vos ressentis, \u00e9motions, doute.Je travaille en fonction de vos besoins, de votre rythme. C\u2019est un travail r\u00e9alis\u00e9 ensemble dans le but de voussentir libre. Ma formation, [&hellip;]<\/p>\n","protected":false},"author":1,"featured_media":0,"parent":0,"menu_order":0,"comment_status":"closed","ping_status":"closed","template":"templates\/page-builder-content.php","meta":{"footnotes":""},"class_list":["post-93","page","type-page","status-publish","hentry"],"yoast_head":"<!-- This site is optimized with the Yoast SEO plugin v22.3 - https:\/\/yoast.com\/wordpress\/plugins\/seo\/ -->\n<title>Mon approche - Juliette Chiron - Psychologue<\/title>\n<meta name=\"robots\" content=\"index, follow, max-snippet:-1, max-image-preview:large, max-video-preview:-1\" \/>\n<link rel=\"canonical\" href=\"https:\/\/juliettechiron-psychologue.fr\/index.php\/approche-psychologique\/\" \/>\n<meta property=\"og:locale\" content=\"en_US\" \/>\n<meta property=\"og:type\" content=\"article\" \/>\n<meta property=\"og:title\" content=\"Mon approche - Juliette Chiron - Psychologue\" \/>\n<meta property=\"og:description\" content=\"Mon approche Psychoth\u00e9rapie Une psychoth\u00e9rapie est avant tout une rencontre, il est primordial de tisser un lien de confiance.Une consultation avec un psychologue est un moment d\u2019\u00e9change autour de vos ressentis, \u00e9motions, doute.Je travaille en fonction de vos besoins, de votre rythme. C\u2019est un travail r\u00e9alis\u00e9 ensemble dans le but de voussentir libre. Ma formation, [&hellip;]\" \/>\n<meta property=\"og:url\" content=\"https:\/\/juliettechiron-psychologue.fr\/index.php\/approche-psychologique\/\" \/>\n<meta property=\"og:site_name\" content=\"Juliette Chiron - Psychologue\" \/>\n<meta property=\"article:modified_time\" content=\"2024-03-23T17:17:15+00:00\" \/>\n<meta name=\"twitter:card\" content=\"summary_large_image\" \/>\n<meta name=\"twitter:label1\" content=\"Est. reading time\" \/>\n\t<meta name=\"twitter:data1\" content=\"2 minutes\" \/>\n<script type=\"application\/ld+json\" class=\"yoast-schema-graph\">{\"@context\":\"https:\/\/schema.org\",\"@graph\":[{\"@type\":\"WebPage\",\"@id\":\"https:\/\/juliettechiron-psychologue.fr\/index.php\/approche-psychologique\/\",\"url\":\"https:\/\/juliettechiron-psychologue.fr\/index.php\/approche-psychologique\/\",\"name\":\"Mon approche - Juliette Chiron - Psychologue\",\"isPartOf\":{\"@id\":\"https:\/\/juliettechiron-psychologue.fr\/#website\"},\"datePublished\":\"2021-10-18T06:47:25+00:00\",\"dateModified\":\"2024-03-23T17:17:15+00:00\",\"breadcrumb\":{\"@id\":\"https:\/\/juliettechiron-psychologue.fr\/index.php\/approche-psychologique\/#breadcrumb\"},\"inLanguage\":\"en-US\",\"potentialAction\":[{\"@type\":\"ReadAction\",\"target\":[\"https:\/\/juliettechiron-psychologue.fr\/index.php\/approche-psychologique\/\"]}]},{\"@type\":\"BreadcrumbList\",\"@id\":\"https:\/\/juliettechiron-psychologue.fr\/index.php\/approche-psychologique\/#breadcrumb\",\"itemListElement\":[{\"@type\":\"ListItem\",\"position\":1,\"name\":\"Accueil\",\"item\":\"https:\/\/juliettechiron-psychologue.fr\/\"},{\"@type\":\"ListItem\",\"position\":2,\"name\":\"Mon approche\"}]},{\"@type\":\"WebSite\",\"@id\":\"https:\/\/juliettechiron-psychologue.fr\/#website\",\"url\":\"https:\/\/juliettechiron-psychologue.fr\/\",\"name\":\"Juliette Chiron - Psychologue\",\"description\":\"\",\"publisher\":{\"@id\":\"https:\/\/juliettechiron-psychologue.fr\/#\/schema\/person\/5cd5bd2654180178d909c75b373f2981\"},\"potentialAction\":[{\"@type\":\"SearchAction\",\"target\":{\"@type\":\"EntryPoint\",\"urlTemplate\":\"https:\/\/juliettechiron-psychologue.fr\/?s={search_term_string}\"},\"query-input\":\"required name=search_term_string\"}],\"inLanguage\":\"en-US\"},{\"@type\":[\"Person\",\"Organization\"],\"@id\":\"https:\/\/juliettechiron-psychologue.fr\/#\/schema\/person\/5cd5bd2654180178d909c75b373f2981\",\"name\":\"Juliette Chiron\",\"image\":{\"@type\":\"ImageObject\",\"inLanguage\":\"en-US\",\"@id\":\"https:\/\/juliettechiron-psychologue.fr\/#\/schema\/person\/image\/\",\"url\":\"https:\/\/juliettechiron-psychologue.fr\/wp-content\/uploads\/2024\/03\/juliette-chiron-high-resolution-logo-black-transparent-2-1.png\",\"contentUrl\":\"https:\/\/juliettechiron-psychologue.fr\/wp-content\/uploads\/2024\/03\/juliette-chiron-high-resolution-logo-black-transparent-2-1.png\",\"width\":231,\"height\":34,\"caption\":\"Juliette Chiron\"},\"logo\":{\"@id\":\"https:\/\/juliettechiron-psychologue.fr\/#\/schema\/person\/image\/\"},\"sameAs\":[\"http:\/\/juliettechiron-psychologue.fr\",\"https:\/\/fr.linkedin.com\/in\/juliette-chiron-0ab515151\"]}]}<\/script>\n<!-- \/ Yoast SEO plugin. -->","yoast_head_json":{"title":"Mon approche - Juliette Chiron - Psychologue","robots":{"index":"index","follow":"follow","max-snippet":"max-snippet:-1","max-image-preview":"max-image-preview:large","max-video-preview":"max-video-preview:-1"},"canonical":"https:\/\/juliettechiron-psychologue.fr\/index.php\/approche-psychologique\/","og_locale":"en_US","og_type":"article","og_title":"Mon approche - Juliette Chiron - Psychologue","og_description":"Mon approche Psychoth\u00e9rapie Une psychoth\u00e9rapie est avant tout une rencontre, il est primordial de tisser un lien de confiance.Une consultation avec un psychologue est un moment d\u2019\u00e9change autour de vos ressentis, \u00e9motions, doute.Je travaille en fonction de vos besoins, de votre rythme. C\u2019est un travail r\u00e9alis\u00e9 ensemble dans le but de voussentir libre. Ma formation, [&hellip;]","og_url":"https:\/\/juliettechiron-psychologue.fr\/index.php\/approche-psychologique\/","og_site_name":"Juliette Chiron - Psychologue","article_modified_time":"2024-03-23T17:17:15+00:00","twitter_card":"summary_large_image","twitter_misc":{"Est. reading time":"2 minutes"},"schema":{"@context":"https:\/\/schema.org","@graph":[{"@type":"WebPage","@id":"https:\/\/juliettechiron-psychologue.fr\/index.php\/approche-psychologique\/","url":"https:\/\/juliettechiron-psychologue.fr\/index.php\/approche-psychologique\/","name":"Mon approche - Juliette Chiron - Psychologue","isPartOf":{"@id":"https:\/\/juliettechiron-psychologue.fr\/#website"},"datePublished":"2021-10-18T06:47:25+00:00","dateModified":"2024-03-23T17:17:15+00:00","breadcrumb":{"@id":"https:\/\/juliettechiron-psychologue.fr\/index.php\/approche-psychologique\/#breadcrumb"},"inLanguage":"en-US","potentialAction":[{"@type":"ReadAction","target":["https:\/\/juliettechiron-psychologue.fr\/index.php\/approche-psychologique\/"]}]},{"@type":"BreadcrumbList","@id":"https:\/\/juliettechiron-psychologue.fr\/index.php\/approche-psychologique\/#breadcrumb","itemListElement":[{"@type":"ListItem","position":1,"name":"Accueil","item":"https:\/\/juliettechiron-psychologue.fr\/"},{"@type":"ListItem","position":2,"name":"Mon approche"}]},{"@type":"WebSite","@id":"https:\/\/juliettechiron-psychologue.fr\/#website","url":"https:\/\/juliettechiron-psychologue.fr\/","name":"Juliette Chiron - Psychologue","description":"","publisher":{"@id":"https:\/\/juliettechiron-psychologue.fr\/#\/schema\/person\/5cd5bd2654180178d909c75b373f2981"},"potentialAction":[{"@type":"SearchAction","target":{"@type":"EntryPoint","urlTemplate":"https:\/\/juliettechiron-psychologue.fr\/?s={search_term_string}"},"query-input":"required name=search_term_string"}],"inLanguage":"en-US"},{"@type":["Person","Organization"],"@id":"https:\/\/juliettechiron-psychologue.fr\/#\/schema\/person\/5cd5bd2654180178d909c75b373f2981","name":"Juliette Chiron","image":{"@type":"ImageObject","inLanguage":"en-US","@id":"https:\/\/juliettechiron-psychologue.fr\/#\/schema\/person\/image\/","url":"https:\/\/juliettechiron-psychologue.fr\/wp-content\/uploads\/2024\/03\/juliette-chiron-high-resolution-logo-black-transparent-2-1.png","contentUrl":"https:\/\/juliettechiron-psychologue.fr\/wp-content\/uploads\/2024\/03\/juliette-chiron-high-resolution-logo-black-transparent-2-1.png","width":231,"height":34,"caption":"Juliette Chiron"},"logo":{"@id":"https:\/\/juliettechiron-psychologue.fr\/#\/schema\/person\/image\/"},"sameAs":["http:\/\/juliettechiron-psychologue.fr","https:\/\/fr.linkedin.com\/in\/juliette-chiron-0ab515151"]}]}},"_links":{"self":[{"href":"https:\/\/juliettechiron-psychologue.fr\/index.php\/wp-json\/wp\/v2\/pages\/93","targetHints":{"allow":["GET"]}}],"collection":[{"href":"https:\/\/juliettechiron-psychologue.fr\/index.php\/wp-json\/wp\/v2\/pages"}],"about":[{"href":"https:\/\/juliettechiron-psychologue.fr\/index.php\/wp-json\/wp\/v2\/types\/page"}],"author":[{"embeddable":true,"href":"https:\/\/juliettechiron-psychologue.fr\/index.php\/wp-json\/wp\/v2\/users\/1"}],"replies":[{"embeddable":true,"href":"https:\/\/juliettechiron-psychologue.fr\/index.php\/wp-json\/wp\/v2\/comments?post=93"}],"version-history":[{"count":35,"href":"https:\/\/juliettechiron-psychologue.fr\/index.php\/wp-json\/wp\/v2\/pages\/93\/revisions"}],"predecessor-version":[{"id":376,"href":"https:\/\/juliettechiron-psychologue.fr\/index.php\/wp-json\/wp\/v2\/pages\/93\/revisions\/376"}],"wp:attachment":[{"href":"https:\/\/juliettechiron-psychologue.fr\/index.php\/wp-json\/wp\/v2\/media?parent=93"}],"curies":[{"name":"wp","href":"https:\/\/api.w.org\/{rel}","templated":true}]}}